composite?
True
Is 1564595063 a composite number?
False
Is 847431661957 composite?
False
Is 48044987 a composite number?
False
Is 63761065523 a prime number?
False
Is 1947412739 composite?
True
Is 8380558721 composite?
True
Is 761015377 prime?
False
Is 3269649767 a prime number?
True
Is 63325819 a composite number?
False
Is 3750597787 prime?
False
Is 2668224007 prime?
True
Is 9171134153 a prime number?
True
Is 11940242669 a prime number?
True
Is 1946177633 a composite number?
True
Is 3687352703 a prime number?
True
Is 41480508941 composite?
False
Is 1375091573 prime?
True
Is 21613628633 a composite number?
True
Is 3746541179 composite?
False
Is 1481918981 composite?
True
Is 2022239579 prime?
True
Is 96244111 a composite number?
False
Is 2964344177 a composite number?
False
Is 6966371 a composite number?
True
Is 136040087 composite?
True
Is 5312012369 prime?
False
Is 836741029 composite?
False
Is 2248753249 prime?
False
Is 108216521 composite?
True
Is 584883055 composite?
True
Is 2032802309 composite?
True
Is 814097459 a prime number?
False
Is 3940728581 composite?
True
Is 6267158637 a prime number?
False
Is 39668072579 prime?
False
Is 958167599 a prime number?
False
Is 15057104257 prime?
False
Is 40720689613 composite?
True
Is 50664889027 a prime number?
True
Is 98324924917 a prime number?
True
Is 1853086327 a composite number?
False
Is 72420460241 prime?
False
Is 1453567001 a prime number?
True
Is 16492890467 a prime number?
True
Is 17342761 a composite number?
False
Is 108401187287 prime?
True
Is 1065256433 a composite number?
True
Is 2309209307 composite?
False
Is 743912309 a composite number?
True
Is 231153781 a composite number?
True
Is 5858936167 a composite number?
True
Is 120871419 prime?
False
Is 7183739077 a prime number?
True
Is 1708461941 a prime number?
True
Is 428088007 a composite number?
False
Is 20311148203 a composite number?
False
Is 9008769259 a composite number?
True
Is 73757427011 a composite number?
False
Is 8578673 a composite number?
True
Is 1563314999 a prime number?
True
Is 6638360221 a prime number?
True
Is 75033533 a prime number?
True
Is 296748218197 a prime number?
False
Is 62164726759 a prime number?
False
Is 10248870791 a prime number?
True
Is 18171625627 a prime number?
True
Is 19488115463 composite?
False
Is 1739021629 a composite number?
False
Is 52160454751 composite?
False
Is 14324215 a prime number?
False
Is 5300955839 prime?
False
Is 321878077 prime?
False
Is 742550071 a prime number?
False
Is 638889679 a composite number?
False
Is 4315618831 composite?
False
Is 1222905413 prime?
True
Is 238668673 composite?
True
Is 2564216637 prime?
False
Is 1075198001 a prime number?
True
Is 4011800017 composite?
True
Is 77184719 composite?
False
Is 38855754974 composite?
True
Is 116207048599 prime?
True
Is 914825729 a prime number?
True
Is 11401386065 a prime number?
False
Is 7837872439 composite?
True
Is 716611067 a prime number?
False
Is 2521810451 a composite number?
False
Is 4376492609 composite?
False
Is 2208557613 composite?
True
Is 75565283447 a prime number?
True
Is 501878029 a composite number?
True
Is 75027517 a composite number?
False
Is 2958539819 composite?
False
Is 176398419917 prime?
True
Is 5873586221 a prime number?
False
Is 210822737 composite?
True
Is 108311603 composite?
False
Is 338276251 a composite number?
True
Is 2888559833 a prime number?
False
Is 3810483371 a prime number?
True
Is 236555047 prime?
True
Is 8366881937 a prime number?
True
Is 180041507 a composite number?
True
Is 24593801737 prime?
False
Is 9129481349 composite?
False
Is 1829692387 prime?
False
Is 1571697319 a prime number?
False
Is 2388200777 prime?
True
Is 132303221 prime?
True
Is 76628112961 a prime number?
False
Is 42742169 a composite number?
False
Is 568453559 prime?
True
Is 176321181 a prime number?
False
Is 5952517055 prime?
False
Is 68134357 composite?
True
Is 155981157 composite?
True
Is 343339627717 a composite number?
True
Is 24405117019 prime?
False
Is 7707456205 composite?
True
Is 3698647691 prime?
False
Is 1001472529 prime?
True
Is 42417006311 a composite number?
True
Is 9457489 a composite number?
False
Is 24629384977 prime?
False
Is 1667618411 composite?
True
Is 2324632703 a prime number?
False
Is 620157749 prime?
True
Is 210396281 composite?
True
Is 51881353187 a composite number?
False
Is 128326123337 a composite number?
False
Is 13086295699 a composite number?
False
Is 6746962621 prime?
False
Is 4597485803 prime?
False
Is 13090795979 a prime number?
True
Is 1699301881 a composite number?
True
Is 5024866877 composite?
True
Is 23657484887 composite?
True
Is 970720297 a prime number?
True
Is 240672203 prime?
False
Is 2257982723 composite?
True
Is 2206847893 a composite number?
False
Is 76303699 a prime number?
True
Is 1533826573 prime?
True
Is 72348968449 composite?
False
Is 306488183 composite?
True
Is 1051967773 a composite number?
False
Is 458142691 prime?
False
Is 25225819 composite?
True
Is 24722141681 composite?
False
Is 544478693 a prime number?
False
Is 444172537 composite?
True
Is 125693801143 a composite number?
True
Is 260606041 prime?
True
Is 836879171 a prime number?
True
Is 31769797853 a composite number?
False
Is 909131497 a prime number?
False
Is 4009238033 prime?
False
Is 195264517 a prime number?
False
Is 199470983 a composite number?
True
Is 330307937 composite?
True
Is 14704736453 composite?
True
Is 1177798351 a composite number?
False
Is 1081813657 a prime number?
False
Is 3053457059 composite?
False
Is 23146793 a composite number?
True
Is 7890462311 composite?
True
Is 383059613 a composite number?
False
Is 4554114449 a composite number?
False
Is 4230857971 a prime number?
True
Is 13211923873 composite?
True
Is 707060833 composite?
False
Is 1592360737 a composite number?
True
Is 1237562789 a prime number?
True
Is 18186597337 a composite number?
False
Is 7577422309 composite?
False
Is 6987156599 prime?
False
Is 51112513007 prime?
True
Is 125157226 a composite number?
True
Is 1639618633 composite?
False
Is 86450249885 a prime number?
False
Is 152370355287 a prime number?
False
Is 8529761497 a composite number?
False
Is 6339211657 a prime number?
True
Is 1355957297 composite?
False
Is 2219290547 a composite number?
False
Is 30502910237 a prime number?
True
Is 23256207983 a prime number?
True
Is 1477015859 a prime number?
False
Is 7469352931 prime?
True
Is 232101691 prime?
False
Is 1038483869 a composite number?
False
Is 5994491603 a composite number?
True
Is 2270185019 prime?
True
Is 786292159 a prime number?
False
Is 11433455489 prime?
True
Is 820296803 prime?
False
Is 1863006427 composite?
True
Is 166056497339 composite?
True
Is 11043831529 prime?
False
Is 1078330717 a composite number?
True
Is 23771941723 a composite number?
True
Is 61486435151 prime?
True
Is 5550115013 a composite number?
False
Is 182380021 prime?
True
Is 7767438223 a prime number?
True
Is 828900203 a composite number?
True
Is 315896069 prime?
True
Is 181836520049 a prime number?
True
Is 8292131917 composite?
True
Is 17793403 a prime number?
True
Is 865565153 a prime number?
True
Is 831229897 prime?
True
Is 4561926319 prime?
False
Is 483417029 prime?
True
Is 68536465813 composite?
False
Is 1046052929 composite?
True
Is 2123527159 a composite number?
True
Is 2303667961 prime?
False
Is 5115833147 a prime number?
True
Is 34358744291 a prime number?
False
Is 4440755129 a prime number?
True
Is 259473011 composite?
True
Is 183455587327 composite?
False
Is 9595350601 composite?
True
Is 3261831887 composite?
True
Is 663998963015 prime?
False
Is 3786259273 a composite number?
True
Is 3407274461 composite?
True
Is 453224377 composite?
True
Is 225232333 a prime number?
False
Is 1058552641 prime?
True
Is 23156231195 composite?
True
Is 6857917343 a prime number?
True
Is 10074617831 a prime number?
True
Is 480092981 composite?
False
Is 2759475221 prime?
False
Is 9013306241 prime?
False
Is 69058885523 prime?
False
Is 12220413313 prime?
False
Is 157150591 composite?
True
Is 2981736433 a prime number?
False
Is 2584351361 a composite number?
False
Is 5772847909 prime?
False
Is 26284785289 a composite number?
True
Is 22094839541 prime?
True
Is 4162575899 composite?
True
Is 1580075113 composite?
False
Is 58345294177 prime?
True
Is 1441808